 127. What is the hundreds digit of k(r)?
1
What is the hundreds digit of (-6)/(-51) - 718530/(-510)?
4
Let c(o) = o**2 - 14*o + 15. Let k be c(13). Suppose -u - k = -1. Let q(l) = -43*l. What is the tens digit of q(u)?
4
What is the hundreds digit of 12/(-90) + (-45816)/(-45)?
0
What is the tens digit of 3/(-5) - (-17)/(340/38792)?
3
Let w be (2 - 15/1) + 0. Let u = w - -21. What is the units digit of (0/4 - -1)*u?
8
Let w = -46 + 31. Let i = 2 - w. What is the tens digit of i?
1
Suppose 6*k - 2*k = 132. Suppose -1577 + 2523 = 11*f. Let i = f - k. What is the tens digit of i?
5
Suppose -2*n - 5*p = -n + 1466, -2*p = -2*n - 2920. What is the units digit of (-3)/(-24) - n/24?
1
Let u be 14/70 - 19/(-5). Let f be (-4)/u - (1 - 62). Let r = f + -39. What is the units digit of r?
1
Let d(a) = -a**3 + 23*a**2 + 22*a + 130. What is the units digit of d(24)?
2
Let h(d) = -473*d - 22. What is the units digit of h(-1)?
1
Let b be 6*(-110)/99*366/(-5). Suppose b = 4*c - 2*m, 5*c - 122 = 4*c + 2*m. What is the units digit of c?
2
Suppose 0 = -f - r + 132, -18*f + 16*f - r + 263 = 0. What is the tens digit of f?
3
Let x(w) = -3*w + 9*w**2 - w - 7*w - 11 + w**3. Let h be x(-10). What is the units digit of h + (-3 + 4 - -16)?
6
Suppose 9*p - 47 = -488. Let l = p - -109. What is the units digit of l?
0
Suppose -5*i - 1713 = -17698. What is the tens digit of i?
9
Let x(j) = j**2 + 5*j + 2. Let o be x(-3). What is the units digit of ((-13)/o)/(395/(-100) - -4)?
5
Suppose 143*w = 62*w + 58239. What is the hundreds digit of w?
7
Let y = 591 - 339. What is the units digit of y?
2
Let x(a) = a**2 + 2*a + 1. Let o be x(-7). Suppose -4*t + 15 + 1 = 0, -2*l = t + o. Let d = l - -28. What is the units digit of d?
8
Let j(a) = a**2 + 5*a + 95. What is the units digit of j(29)?
1
Suppose -27*i = -55132 + 4750. What is the thousands digit of i?
1
Let s = -2301 + 6225. What is the units digit of s?
4
Let j = 17 - -2. Let n = j - 19. Suppose 6*x - 3*x - 81 = n. What is the tens digit of x?
2
Let a = 9 + -11. Let r be -9 - (4/a + 2). Let m = r - -19. What is the units digit of m?
0
Let b(r) be the first derivative of 23*r**2/2 - 13*r - 39. What is the tens digit of b(3)?
5
Let z = -1105 + 2267. What is the hundreds digit of z?
1
Suppose 36*x = -436 + 5728. What is the tens digit of x?
4
Let r = 971 + -396. What is the tens digit of r?
7
What is the hundreds digit of ((-275)/(-4))/(27/216)?
5
Let f(s) = 28*s**2 - s - 1. Let c be (-3)/12*0 - (-1 + 2). What is the units digit of f(c)?
8
Let v = -27 - -27. Suppose 0 = -4*c - v + 32. What is the units digit of c?
8
Let l(o) = o**3 - o**2 - 30*o - 40. What is the hundreds digit of l(10)?
5
Suppose 6*o - 163 = 41. What is the tens digit of o?
3
Suppose 2*r + 3 = 3*r. Let d(v) = 7*v - 1. Let t(g) = -34*g + 4. Let z(h) = -28*d(h) - 6*t(h). What is the units digit of z(r)?
8
Suppose 2*v - l = 37 + 14, -4*v = 5*l - 81. Suppose 0 = w - v - 14. What is the units digit of w?
8
Suppose 19*l = 1215 + 647. What is the units digit of l?
8
Let i = 10 + -13. Let p be i + 3 + -2 + 1. What is the tens digit of 510/36 + p/6?
1
Let x = 44 - -358. What is the tens digit of x?
0
Suppose 0 = 4*m - u - 4165, -17 = -4*u - 5. What is the units digit of m?
2
Let h be ((-2)/(-5))/(7/210). Suppose 0*a - 3*a + h = 0. Suppose -9*g = -13*g + a. What is the units digit of g?
1
Let t(f) = -12*f - 9. Let d be t(-1). Suppose -d*i = -138 - 444. What is the hundreds digit of i?
1
Suppose -4 - 8 = -3*u, 2*u = -3*o + 149. Let d = o + -28. What is the tens digit of d?
1
Suppose 43*d - 65550 = -3*d. What is the hundreds digit of d?
4
What is the hundreds digit of 9 + -1 + 0 - (-2606 + -1)?
6
Let z = 6 - 7. What is the hundreds digit of 55 + 54 - (-4)/((-1)/z)?
1
Suppose -t - z - 11192 = -6*t, 4*z = -3*t + 6729. What is the thousands digit of t?
2
Let r be ((-10 - 0) + 3)*3. Let t = r - -17. Let z = t - -6. What is the units digit of z?
2
Suppose 4*p + 68 = p + k, -k = 1. Let u(f) = -f**3 + 4*f**2 - 5*f + 6. Let b be u(4). Let v = b - p. What is the units digit of v?
9
Let l = -253 + 359. Let c = -61 + l. What is the tens digit of c?
4
Suppose -l - 2902 = -2*u - 399, l = -4*u + 5009. What is the thousands digit of u?
1
Let l = -1587 + 2482. What is the tens digit of l?
9
Suppose 50 = 7*h + 400. Let o = 6 - h. What is the tens digit of o?
5
Suppose r + 40 = -r. Let j = 44 + r. What is the tens digit of j?
2
Suppose 73 + 101 = 3*p. Let a = p - 5. What is the units digit of a?
3
Let q(x) = -7*x - 11. Suppose 26 = -k - 3*k + 2*m, 2*k + 4*m = -8. Let c be q(k). Let f = c - -7. What is the tens digit of f?
3
Let u(o) = 20*o**2 - 11*o + 9. What is the hundreds digit of u(8)?
2
Let j(u) = 3*u**2 - 15*u + 4. Let k be j(5). Suppose -k*c + 3*p = -108, -2*c + 66 = 2*p - 2. What is the units digit of c?
0
Suppose -2*j = -x + 4174 - 1264, 8730 = 3*x + 3*j. What is the thousands digit of x?
2
Suppose -4*q - q = -20. Let k = q + 5. Let y(r) = -r**3 + 8*r**2 + 9*r + 11. What is the tens digit of y(k)?
1
Let o be (-249)/6*2/1. Let y = 50 + o. Let r = y - -46. What is the tens digit of r?
1
Suppose a + 3*q = 329, 1631 = -4*a + 9*a + q. What is the units digit of a?
6
Let u(r) = -2*r**3 - 2*r**2 + 3*r - 3. Let l be u(-3). Let n = l + 2. What is the tens digit of n?
2
Let b(z) be the third derivative of -6*z**2 - 1/2*z**4 + 0*z + 0 - 1/3*z**3. What is the tens digit of b(-1)?
1
Let c(k) be the first derivative of -k**4/4 - 3*k**3 - k**2/2 + 12*k - 1. Suppose -4*i - 7*f + 6*f = 39, -i - 12 = f. What is the tens digit of c(i)?
2
Let r(g) = g**3 - g**2 - 2*g. Let m be r(2). Suppose m*k - 4*k = 12. Let b(i) = -i**3 + 3*i**2 + i + 3. What is the units digit of b(k)?
4
Let n(a) = a**2 + 2*a - 1. Let x be n(-3). Suppose 0 = 5*s, -4*s = -g + 2*g - x. Suppose -4*z = 5*w - 131, 4*z + 7 = 3*w - g*w. What is the tens digit of w?
2
Suppose 586 = 2*z - 1832. What is the units digit of z?
9
Let x = 3032 - 2048. What is the hundreds digit of x?
9
Let j(n) = 10*n**2 - n. Suppose -3*w + 2*f + 2 = -1, f + 3 = 0. Let c be j(w). What is the units digit of ((-84)/(-10))/(c/55)?
2
Let r be (1450/(-5))/(1 + -3). Let c = -84 + r. What is the tens digit of c?
6
Suppose 3*w = -12, 0*w + w + 2 = -r. Let s be (-230)/50 + r/(-5). Let t(u) = u**3 + 7*u**2 + 8*u + 5. What is the tens digit of t(s)?
1
Let x = -1737 - -3809. What is the thousands digit of x?
2
Suppose 0 = -4*a + 2*h - 352, 0 = -5*a + 3*h - 8*h - 425. Let c = a + 57. What is the units digit of 12/c + 184/10?
8
Suppose 6*l = -3*l - 2700. Let a = 511 + l. What is the tens digit of a?
1
Let y = 21 - 16. Suppose -c + y*p + 16 = -2*c, -16 = -c + 3*p. Suppose 5*a - 86 = -c*x, 2*a + 2*a = -4*x + 72. What is the units digit of a?
4
Let k(p) be the second derivative of 5*p**3/6 - 31*p**2/2 + 3*p. Let g be k(7). Suppose 2*j - 348 = -g*j. What is the tens digit of j?
5
Let u(a) = 2*a**2 + 5*a - 12. Suppose 4*f + 8 = 3*f. What is the tens digit of u(f)?
7
Let j = 22 - 94. Let s = 126 + j. What is the units digit of s?
4
Let u(f) = -f**3 - 24*f**2 - f + 15. What is the tens digit of u(-24)?
3
Let y(q) = q**3 - 10*q**2 + 9*q + 5. Suppose -36 = -t - 3*t. Let l be y(t). Suppose -4*v + r = 3*r - 18, -l*r = 5*v - 35. What is the units digit of v?
2
Let h = 73 + -20. Let y = h + 66. What is the hundreds digit of y?
1
Let k(b) = b + 6. Let x be k(-6). Suppose -2*m = -2*p - 0*m + 22, x = -p - m + 1. Suppose -172 = -p*l + 2*l. What is the units digit of l?
3
Suppose w - 2*u - 3 = -7, 4*u = -4*w - 16. Let r(d) = -d**3 - 3*d**2 + 4*d + 4. Let z be r(w). Suppose z*a = 112 + 112. What is the units digit of a?
6
Let v(h) = 20*h + 411. What is the units digit of v(34)?
1
What is the tens digit of (-20 + 4 + 12)*-154?
1
Let s = -163 + 796. What is the units digit of s?
3
Let h = 651 + -453. Let v = h - 135. What is the units digit of (-18)/(-45) - v/(-5)?
3
Suppose 1419 - 189 = u - 4*d, -5*d + 20 = 0. What is the hundreds digit of u?
2
Let v(g) = g**2 + 5*g + 1. Let y be v(6). What is the tens digit of y + (4 - 3 - -1)?
6
Suppose 0 = 3*q - 2788 - 2258. What is the units digit of q?
2
Suppose -4*n = 32 - 12, -2*n = 4*c - 802. What is the tens digit of c?
0
Let v(w) = 3*w**2 - 6*w - 5. Let f(a) = 4*a**2 - 7*a - 6. Let d(p) = -2*f(p) + 3*v(p). Let l be d(5). What is the units digit of